**2 - 8*h + 11. Let n be t(8). Let b = n - -5. Calculate the remainder when 46 is divided by b.
14
Suppose -2 = -2*j - 0. Let w be 0/(1 + j - 0). Suppose w = 2*q - 4 - 0. What is the remainder when 5 is divided by q?
1
Let x be ((-10)/(-5))/((-4)/18). Let p = x + 16. Suppose 2*f + 5*v = -13, -5*f = 4*v - 0 + p. What is the remainder when f is divided by 1?
0
Suppose -6*r + 2*r - 12 = 0. Let d = -3 - r. Suppose j - 61 = -5*m, d = 2*m - 4*j - 19 - 23. What is the remainder when 24 is divided by m?
11
Let b = -38 + 53. Let a(w) = w**3 - 5*w**2 - w + 5. Let v be a(5). Let q = v - -8. What is the remainder when b is divided by q?
7
Suppose -3*y + 5*y = 80. Calculate the remainder when 75 is divided by y.
35
Let t be (-308)/(-5) + 2/5. Let i be t/(-5) - 6/(-15). What is the remainder when 31 is divided by i/((-3)/8*2)?
15
Let q = 9 + -1. Suppose 0 = -2*b - b + 9. What is the remainder when q is divided by b?
2
Suppose -5*l = 4*g - 54, 2*l = -3*l - 3*g + 58. What is the remainder when 51 is divided by l?
9
Suppose 5*w + a - 16 = 0, w = 6*w + 4*a - 4. Suppose 16 = -w*q + 36. Calculate the remainder when 8 is divided by q.
3
Suppose 5*a - 69 = -4*n, 0 = -2*n - 0*n + 2*a + 12. Suppose -4*m + x + 14 = 2*x, 2 = 3*m + 5*x. What is the remainder when n is divided by m?
3
Suppose 0 = -4*j - 5*t + 105, -j + 2*t + 2 = -8. Calculate the remainder when j is divided by 7.
6
Let d(a) = -a**3 - 11*a**2 + 13*a + 15. Let g be d(-12). What is the remainder when 1*(57 + 1 + g) is divided by 16?
13
Calculate the remainder when 83 is divided by (-9)/(-54)*(1 - -101).
15
Let b(k) = k**3 + 9*k**2 + 9*k + 6. Let s be b(-8). Let p be (-22)/s*(-4 - -5). Suppose -4 - p = -r. Calculate the remainder when r is divided by 6.
3
Let f(d) = 9*d + 1. Suppose -g + 2*g = 7. Calculate the remainder when f(2) is divided by g.
5
Let y(v) = -v**2 - 8*v - 8. Let f be y(-6). Suppose 0 = -f*h + 76. Calculate the remainder when 36 is divided by h.
17
Suppose 0 = -3*m - 4*f + 22, -68 = -5*m - 3*f - 13. What is the remainder when 33 is divided by (-400)/(-56) + (-2)/m?
5
Suppose 5*y - 6*y = -164. Suppose 4*o + 0*o = y. What is the remainder when o is divided by 11?
8
Let f(j) = j**3 + 9*j**2 + 6*j - 11. Let c be f(-8). Let q(n) = -2 - 2 + 2 - c*n. Calculate the remainder when 15 is divided by q(-2).
7
Suppose 2*u + 6 - 2 = 0. Calculate the remainder when 28 is divided by 2/(0 - u) + 14.
13
Let a = 4 - -5. Suppose i - a = -2. Calculate the remainder when 11 is divided by i.
4
Calculate the remainder when 53 is divided by ((-36)/(-21))/(-4) - 155/(-35).
1
Let c(a) = -20*a**3 + 3*a**2 + 5*a + 4. Calculate the remainder when 84 is divided by c(-1).
18
Suppose -h = -0*h - 7. What is the remainder when h is divided by 5?
2
Let n be 0 + (3 + -1)*12. Let b = n - 7. Calculate the remainder when b is divided by 6.
5
Let q = -45 - -100. Suppose -q = -4*d - 15. What is the remainder when 37 is divided by d?
7
Suppose 0 = -2*g - 2*g - 16. Let x = 9 + 1. What is the remainder when -1 + -2*58/g is divided by x?
8
Let k(h) = 4*h**2 + 3*h - 8. What is the remainder when 85 is divided by k(-4)?
41
Suppose -3*s - 4 + 25 = 0. What is the remainder when 19 is divided by s?
5
Let x = -45 + 48. Calculate the remainder when 64 is divided by x.
1
Suppose 2*n - 2 = 0, -5*k + 2*n + 520 = -3*n. What is the remainder when k is divided by 27?
24
Let d(h) = -2*h - 4 + 4 + 12. Let n = -50 + 85. What is the remainder when n is divided by d(0)?
11
Let f = -2 - -16. Suppose 7*t + 5*u = 2*t - 30, 4*u = 2*t + 36. Let n = -2 - t. What is the remainder when f is divided by n?
6
Let r(q) = 4*q - 6. Let l(y) = y**2 - 9*y + 19. What is the remainder when l(12) is divided by r(5)?
13
Suppose -7*o + 2*o + 10 = 0. Calculate the remainder when o is divided by 2.
0
Suppose -5*o + 31 - 5 = 4*q, 18 = 4*q + o. What is the remainder when q is divided by 3?
1
Suppose -3*w = -2*w - 12. What is the remainder when 130 is divided by w?
10
Let w = 34 - -55. Calculate the remainder when w is divided by 25.
14
Suppose -7*z + 2*z - 40 = 0. Let k = 4 - z. Calculate the remainder when 46 is divided by k.
10
Suppose 5*d = -3*y - 0*y + 240, 3*d - 5*y - 144 = 0. Calculate the remainder when d is divided by 25.
23
Let b = 56 - 19. What is the remainder when b is divided by 13?
11
Suppose 0 = -4*o + 10 + 142. Suppose g + 4*g = 65. What is the remainder when o is divided by g?
12
Let v(f) = f**3 - 4*f**2 - 9*f + 31. Calculate the remainder when v(6) is divided by 13.
10
Let h = 113 + -110. Let f(c) = c. What is the remainder when h is divided by f(2)?
1
Let w = 129 - 106. What is the remainder when 112 is divided by w?
20
Let d(x) = x**3 - 7*x**2 - 4*x + 5. Let l be d(6). Let m = 78 + l. What is the remainder when m is divided by (-44)/(-6) + 2/3?
7
Suppose -4*i + 14 + 6 = 0. What is the remainder when 22 is divided by i?
2
Suppose -2*l + 318 = 4*c, -5*c + l + 63 + 331 = 0. What is the remainder when c is divided by 16?
15
Let f = 37 - 4. Calculate the remainder when f is divided by 9.
6
Suppose 36 = 3*s - 66. Calculate the remainder when s is divided by (40/30)/(1/9).
10
Let u = -9 - -27. What is the remainder when (-67 + -1)/(-1 + -1) is divided by u?
16
Suppose -2*n - 14 - 8 = 0. Let v = 17 + n. What is the remainder when 17 is divided by v?
5
Let l be 0/((-1)/(-1 - 0)). Suppose l*h = -3*h + 129. What is the remainder when h is divided by 11?
10
Suppose 5*q = -m - m + 44, 14 = 2*q - m. Calculate the remainder when 23 is divided by q.
7
Suppose 3*c - 65 = -2*c. Let d(k) be the third derivative of k**6/120 + k**5/60 - k**4/8 - k**3/2 - k**2. What is the remainder when d(3) is divided by c?
11
Suppose 2*f - 7*f = -320. What is the remainder when f is divided by 17?
13
Suppose -146 = -4*u - 46. Calculate the remainder when 47 is divided by u.
22
Let r(b) = 2*b**2 + 2*b + b**2 - 2*b**2 - 2 - b. Let u be r(-3). Suppose -u*d + 2 = -10. What is the remainder when 10 is divided by d?
1
Let c = 49 - 25. Calculate the remainder when 335 is divided by c.
23
Let m(v) = v**3 - 9*v**2 + 17*v - 11. What is the remainder when 25 is divided by m(7)?
5
Suppose -5*n + 4*k - 6*k = -35, -3*k + 21 = 4*n. Suppose 0 = -c + 4*c - 78. Calculate the remainder when c is divided by n.
8
Suppose 0*d - 4 = -4*d. What is the remainder when d is divided by 1?
0
Suppose -2*p = -32 + 6. Calculate the remainder when 1/7 + ((-12215)/(-49))/5 is divided by p.
11
Let o be (0 + 0)/(1 - 0). Let r be 0 + 26 + 2 - 2. Suppose o = u - 4*u - 2*q + r, 5*u - 5*q = 10. Calculate the remainder when 16 is divided by u.
4
Let q = 88 + -62. Let g = -18 + q. What is the remainder when (-1 - 1) + (-75)/(-3) is divided by g?
7
Let j(s) = 23*s**2 + 5*s. Let n be j(5). Suppose 3*v - 8*v + 50 = 0. What is the remainder when (-2)/11 + n/33 is divided by v?
8
Let t = -35 + 81. What is the remainder when t is divided by 12?
10
Let i(p) = -p**2 - 10*p + 26. Calculate the remainder when 42 is divided by i(-11).
12
Suppose 7*j - 123 + 25 = 0. Calculate the remainder when 26 is divided by j.
12
Let g = -4 + 2. Suppose 4*f - 2 = 6*f. Calculate the remainder when 18 is divided by (14/g)/(f/1).
4
Suppose -2*y - 4*b - 5 + 23 = 0, 5*b = -15. Calculate the remainder when y is divided by 8.
7
Calculate the remainder when -1 - -26*3 - 0 is divided by 2/(-10) + (-4 - (-363)/15).
17
Suppose 8 = -4*u - 5*p, -2*p + 0 = 8. What is the remainder when 9 is divided by u?
0
Calculate the remainder when (-475)/(-15) + (-4)/6 is divided by 16.
15
Suppose -5*l + 5*n = -5, -5*l + 4*n + 1 = -1. Suppose -10 - 98 = -2*m. What is the remainder when m - (l + (-2 - -2)) is divided by 19?
18
Let w = 4 - 7. What is the remainder when 73 is divided by (-1)/(w/57*1)?
16
Let i(c) = -c**3 + 10*c**2 + c + 11. Let b be i(10). Let r be b/28 + (-218)/(-8). Suppose 0 = 4*t - 0 - r. What is the remainder when 19 is divided by t?
5
Suppose -2*p = -4*l - 30, 2*p - 5*l - 7 = 22. Let c(d) = 5*d - 4. Calculate the remainder when p is divided by c(2).
5
What is the remainder when 35 is divided by 24/2 - (-10 + 13)?
8
Let w(n) = 9*n. Let u be w(1). Suppose 4*d = u + 19. Suppose -4*s - 27 = -5*b, -21 = -5*b + s + s. What is the remainder when d is divided by b?
1
Suppose 11*p = 7*p + 108. Suppose 3*l + 65 = 3*b + 8, 0 = -2*l - 8. Calculate the remainder when p is di